posite?
False
Suppose 41*r - 108064 = 320013 + 114558. Is r a prime number?
False
Suppose -26*z + 2318 - 17294 = 0. Let i = -87 - z. Is i a composite number?
True
Suppose 7 = 4*g + 2*b - 5*b, -5*g - 3*b + 29 = 0. Suppose -103944 = -g*p - 20*p. Is p prime?
False
Suppose 38*b + 4354041 = 17998283. Is b a composite number?
True
Let v = 45 - 242. Let z = 383 + v. Let w = 272 + z. Is w a composite number?
True
Let i = -1459602 - -2289941. Is i a prime number?
True
Is ((-1)/(-2))/(36/6781896) composite?
True
Let a(l) = 23641*l**2 - 9*l - 91. Is a(-4) a prime number?
False
Let t(i) = 6537*i**3 - 17*i**2 + 20*i + 14. Let g(s) = 2179*s**3 - 6*s**2 + 7*s + 5. Let z(k) = -17*g(k) + 6*t(k). Is z(1) prime?
True
Let f(k) = 18*k - k + 10*k + k - 5. Let h be f(1). Let v(y) = 5*y**2 - 18*y - 28. Is v(h) composite?
False
Suppose 7873985 - 30474124 = -19*p. Is p a prime number?
True
Let i be (-1)/2*(25 - 17) - -27559. Let z = i - 17537. Is z prime?
False
Let q(c) = -c - 11. Let n be q(-13). Suppose 3*v - 2757 = -2*g, n*v - 2*g - 429 = 1409. Is v prime?
True
Let h = 161682 + 62368. Let u = h - 145407. Is u a prime number?
True
Let s be (-13 - -13) + (-1 - -1). Let b be 4256 + (s/2 - 1). Suppose -u + b = 4*u. Is u a composite number?
True
Suppose 5*r - 3*w = 402691, -202*r + 205*r + 3*w - 241605 = 0. Is r composite?
False
Suppose 4*i - q + 68082 = 5*i, -4*q - 12 = 0. Suppose -a - k = -13626, a + i = 6*a - 4*k. Is a a prime number?
False
Let r = -56 - -56. Suppose 5*f - 8*f + 15517 = j, r = 3*j + 2*f - 46537. Is j a composite number?
False
Let i = 298 - 296. Is (1/i)/(((-14)/(-3508))/7) a composite number?
False
Suppose y + 4*y = 13380. Suppose x + 3*x - y = 0. Let i = x - 430. Is i prime?
True
Suppose -4*b - 80 + 17 = 5*z, 33 = -3*b + z. Is (-17 + 15)/((b/3022)/3) a prime number?
True
Let g = 7711 + 16667. Suppose 0 = 10*z + g - 276848. Is z a prime number?
True
Suppose 14*w = 37*w - 2465347. Is w composite?
True
Let h(k) = -75*k + 4. Let y be h(-8). Suppose -o + 134 = t, 2*o = -37*t + 36*t + 265. Suppose -i + o = -5*b - 47, -y = -3*i + b. Is i a prime number?
False
Is (27296 - (5 - 6)) + -3 + 7 + -14 a composite number?
True
Let q(m) = 62*m - 57. Suppose 3*v + 0*o + 17 = o, -4*o + 8 = 0. Let w be q(v). Let k = 630 + w. Is k prime?
True
Suppose 0*i + 17510 = 2*i. Let l be (i/(-10))/(1/(-2)). Suppose l + 794 = f. Is f a composite number?
True
Let y = 38 - 35. Suppose 5*i = 0, 4*i - 6 = -y*w - i. Suppose 4*h - 758 = -w*b, -2*h + h - 1561 = -4*b. Is b a prime number?
True
Suppose -497673 = -3*a - 3*b, -1046*a + 3*b = -1047*a + 165883. Is a a composite number?
True
Let o be (120/(-45))/(6/9). Is (-2610003)/(-278) + ((-30)/o)/3 a prime number?
True
Let k(l) = 36*l**2 - 800*l + 37. Is k(38) prime?
False
Let w(k) = 15394*k + 23. Let b be w(-1). Let p = 27274 + b. Is p prime?
True
Let o(n) = -182*n + 23. Suppose -2*t - t = -r - 18, -t + 3*r = -6. Suppose -3*h + 4*h + t = 0. Is o(h) a prime number?
False
Let n = 4612 - -13981. Is n a composite number?
False
Let p(j) = 35*j**3 + 8*j**2 + 38*j + 44. Is p(15) a prime number?
True
Let n(c) = 130270*c + 1195. Is n(1) a prime number?
False
Is (10426713/(-22))/(6/(-4) + 0) prime?
True
Suppose 1120*q - 1071*q = 7582603. Is q prime?
True
Suppose 3*r + 372 = -5*d, 24*r - 19*r + 308 = -4*d. Is (-19530)/d + ((-2)/1)/8 composite?
False
Let x be (-1 + 2 + -6)*6/(-15). Suppose 4*a - 44 = -x*v, 2*a - v - 2 = 16. Is a/(-4)*(-159 + 13) prime?
False
Let o(i) = 18*i - 4. Let h be o(1). Let w(t) = 2*t**2 - 10*t - 15. Let r be w(h). Suppose -15*g + 18*g - r = 0. Is g prime?
True
Suppose -22*s + 1104145 + 1009021 = 0. Is s prime?
True
Suppose -2*j - j + 8121 = 0. Let l be (1/(-1) + -3)/(-1 - 3). Is (l - (-21)/(-15)) + j/5 composite?
False
Let u = 242073 + -105382. Is u prime?
True
Suppose -2*z = -2*t - 2922, -3*t - 1530 = -2*z + 1388. Suppose -k = -0*k + z. Is k/10*-2 - 0 a composite number?
False
Suppose -5 = 5*j - 140. Suppose 4*m = 5*k - 143961, 2*m = -23*k + j*k - 115164. Is k composite?
False
Let t be (-2)/(-10)*-1 + 256/80. Suppose 5*v = t*v + 2*u + 10510, -26289 = -5*v - 2*u. Suppose -8*w + v = -7*w. Is w a composite number?
True
Let n be 2/14 - 8/28*18. Let b(u) = 32*u**2 - 4*u - 17. Is b(n) a prime number?
False
Let n(t) = -14*t**2 + 110*t - 69. Let k be n(31). Is 100/150*k/(-2) a prime number?
True
Let g = 240 - 235. Suppose -4*m = -12, -10*s - g*m = -11*s + 1152. Is s a prime number?
False
Let n(s) = s**3 - 16*s**2 + 14*s - 15. Let i be -6*((-10)/15)/((-8)/(-30)). Let w be n(i). Is ((-262)/3)/(10/w) a composite number?
True
Suppose 2*s - 7*s - 3*p - 15 = 0, -3*p - 15 = 3*s. Suppose 5*z - 5*m - 120 = s, -46 = -5*z + 2*m + 65. Is 16428/28 - (-6)/z a prime number?
True
Let f(c) = -643*c**3 + 3*c**2 - 15*c - 1. Is f(-6) a composite number?
True
Let y = -42 - 13. Is (-29525)/y + 2/11 prime?
False
Is 5/((-55)/(-154)) - -119013 a composite number?
False
Suppose 4*q + 4074 = 2*g, 0 = -4*q - 3*g - 2*g - 4053. Let x = 1904 + q. Is x prime?
True
Let x(y) = -3069*y - 1769. Is x(-28) a prime number?
True
Let x(p) = 31*p**2 - 66*p + 21. Let s = -46 - -34. Is x(s) composite?
True
Let p(g) be the third derivative of -1/6*g**4 + 6*g**2 + 0*g - 1/12*g**5 + 0 - 7/6*g**3 - 17/20*g**6. Is p(-2) prime?
True
Suppose 4*j - 19 = 1. Suppose 355311 = j*d + 4*h, -d - 10194 = -h - 81249. Is d prime?
True
Let q(r) = -21631*r - 4676. Is q(-25) prime?
True
Suppose 7703 = 5*x - 0*z - 4*z, -x + z = -1540. Let a = x + -800. Is a a composite number?
False
Suppose 2*v + 3*v - 3*x - 57100 = 0, -4*v - 5*x = -45643. Let t = -5520 + v. Is t composite?
False
Suppose 19*q + 1526 + 9875 = 32*q. Is q a composite number?
False
Is 2/(816/672 + 6/(-4)) + 845252 a composite number?
True
Let x = 812277 - 435088. Is x a prime number?
False
Let s be (-9)/6*4574/3. Let r = s + 5486. Is r a prime number?
False
Let q = -110 + 97. Let z be 30150/(-65) + 2/q. Let f = -133 - z. Is f a prime number?
True
Let q = 298 + -301. Is (6/(-36)*5012)/(2/q) prime?
False
Suppose -5*v = 2*h - 1077, 0 = -4*h - 2*v + 6*v + 2196. Suppose -h = -6*y + 24. Suppose -75 = -5*c + y. Is c prime?
False
Suppose -d = -9*d - 4416. Let o = -780 - d. Let f = -141 - o. Is f a composite number?
True
Let x = 3654 + 5775. Suppose 3*z = 4*w - x, -2*w + 4*z + 7077 = w. Let k = w - 1252. Is k a composite number?
False
Let k(u) = 10*u**2 - 33. Let b be (-330)/(1 - -9)*2/(-6). Is k(b) composite?
True
Suppose 29*y - 4827 = 5526. Suppose 7884 = 3*a + y. Is a a composite number?
True
Let u(z) = 34*z - 310. Let r be u(9). Let t be 9 + (-3)/((-12)/8). Let h = t + r. Is h a prime number?
True
Let a(y) = -4927*y - 6778. Is a(-165) prime?
True
Suppose -86374 = -2*h + 2*v, -19*v = 4*h - 14*v - 172766. Is h prime?
True
Let n be 2 - 1 - (1 + -5). Suppose 87 = n*o - 18. Is o - (-6)/(-4 + 1) composite?
False
Let s(m) = -19*m**3 - m**2 - m - 7. Let r(u) = -u**3 - 4*u**2 + u + 7. Let p be r(-3). Let k be s(p). Suppose -3*z + 7*z - k = 0. Is z a prime number?
True
Suppose -42*n = -41*n - 3. Let d(v) = 185*v**3 + 3*v**2 + 5*v - 4. Is d(n) composite?
True
Let k = 106586 + 51681. Is k a composite number?
True
Let p = 86 - 218. Let d = p + 207. Suppose 0 = -5*r + 3*o + 1636, 2*r - d = 5*o + 568. Is r a composite number?
True
Suppose u - w = 77356, -2*u - 38*w + 154677 = -33*w. Is u composite?
False
Let p be (-3)/(-4)*(-140)/(-5). Suppose -25*d = -p*d - 4940. Suppose 5*l + 60 = d. Is l a composite number?
True
Let x be 6*234/135*-5. Is x/16*(-1782 + -14) a prime number?
False
Suppose -6*x = -4*x + 12. Let m be x/15 - 71835/(-25). Suppose 4*n - m = 803. Is n a prime number?
True
Is (-3)/21 + -1 - (-101450991)/427 prime?
False
Suppose 10 = 5*s + 5*g, g = -3*g - 12. Suppose 3*t + s*k = 0, 0 = -3*t + k - 10 - 8. Let d(a) = -7*a - 9. Is d(t) composite?
True
Suppose -2*c + 3*c - 5 = 0. Suppose -p = c*t - 25, 0*t = 3*t - 12. Suppose 0 = -3*g - p*d + 2092, 5*g - 3420 = -0*g + 5*d. Is g a composite number?
True
Suppose -1747007 = -43*q + 2054666. Is q a prime number?
True
Let b = 88512 + 10025. Is b a composite number?
True
Let u(i) be the third derivative of i**6/15 - i**5/20 - i**4 + 5*i**3/3 + i**2 - 20. Is u(9) a composite number?
True
Suppose -20*w - 63 = -13*w, -2*u - 3*w + 353927 = 0. Is u prime?
True
Suppose -c = 3*s + c - 471321, 0 = -7*c + 42.